ase 5) in base 4?
-1122
1 (base 2) to base 13
1
Convert -1a (base 15) to base 3.
-221
What is -4 (base 5) in base 15?
-4
Convert -2 (base 16) to base 15.
-2
13 (base 5) to base 2
1000
Convert -3 (base 13) to base 4.
-3
-2 (base 7) to base 13
-2
Convert 67 (base 11) to base 5.
243
Convert 35 (base 7) to base 10.
26
110 (base 3) to base 8
14
10 (base 16) to base 4
100
Convert -44 (base 8) to base 12.
-30
36 (base 7) to base 11
25
Convert -7 (base 8) to base 13.
-7
-233 (base 4) to base 5
-142
3 (base 5) to base 16
3
1 (base 10) to base 13
1
What is -4b (base 16) in base 14?
-55
Convert 1 (base 6) to base 3.
1
Convert 104 (base 5) to base 6.
45
15 (base 14) to base 6
31
What is 111 (base 2) in base 13?
7
Convert 10 (base 4) to base 5.
4
What is 12 (base 9) in base 8?
13
Convert 123 (base 6) to base 10.
51
1000 (base 2) to base 6
12
Convert -3 (base 15) to base 14.
-3
What is 322 (base 6) in base 14?
8a
What is 248 (base 10) in base 12?
188
What is 23 (base 15) in base 6?
53
What is -b (base 12) in base 5?
-21
Convert 0 (base 11) to base 6.
0
Convert -107 (base 8) to base 7.
-131
-11 (base 3) to base 2
-100
What is 10 (base 4) in base 2?
100
What is -12 (base 16) in base 10?
-18
What is -3 (base 13) in base 9?
-3
What is -418 (base 9) in base 7?
-665
-4 (base 8) to base 15
-4
What is 10 (base 4) in base 2?
100
11 (base 16) to base 6
25
Convert 29 (base 10) to base 9.
32
What is -3 (base 11) in base 3?
-10
Convert -113 (base 8) to base 7.
-135
-100 (base 3) to base 8
-11
What is 1 (base 11) in base 10?
1
Convert -4 (base 12) to base 13.
-4
-8 (base 16) to base 10
-8
Convert -3 (base 13) to base 8.
-3
Convert 10 (base 8) to base 6.
12
Convert -10001101 (base 2) to base 3.
-12020
Convert 10111 (base 2) to base 11.
21
Convert d (base 16) to base 7.
16
What is 205 (base 11) in base 10?
247
-7 (base 10) to base 8
-7
188 (base 13) to base 15
13b
-10 (base 2) to base 11
-2
What is 160 (base 10) in base 2?
10100000
Convert -1 (base 11) to base 6.
-1
Convert 1011111 (base 2) to base 9.
115
c4 (base 15) to base 11
158
17 (base 12) to base 15
14
-16 (base 12) to base 13
-15
Convert -108 (base 11) to base 10.
-129
-17c (base 16) to base 13
-233
30 (base 14) to base 7
60
What is 0 (base 3) in base 16?
0
-14 (base 10) to base 4
-32
4 (base 11) to base 8
4
Convert 27 (base 13) to base 3.
1020
3 (base 8) to base 12
3
-1101 (base 2) to base 12
-11
Convert 125 (base 6) to base 10.
53
-1034 (base 7) to base 10
-368
What is a (base 12) in base 6?
14
What is -15 (base 16) in base 8?
-25
-6 (base 10) to base 2
-110
b (base 12) to base 11
10
-3 (base 4) to base 15
-3
Convert -2121 (base 3) to base 7.
-130
54 (base 13) to base 7
126
Convert -16 (base 14) to base 5.
-40
25 (base 12) to base 9
32
What is -21 (base 3) in base 4?
-13
-114 (base 5) to base 8
-42
-2100 (base 3) to base 11
-58
What is -41 (base 14) in base 4?
-321
17 (base 12) to base 6
31
Convert -1 (base 6) to base 12.
-1
-41 (base 15) to base 16
-3d
What is -11 (base 10) in base 6?
-15
Convert 12 (base 5) to base 3.
21
-19 (base 14) to base 16
-17
Convert 10 (base 2) to base 5.
2
What is -7 (base 10) in base 2?
-111
What is -11001 (base 2) in base 4?
-121
Convert -3 (base 7) to base 12.
-3
Convert 4 (base 16) to base 5.
4
-11101110 (base 2) to base 14
-130
What is -12 (base 13) in base 15?
-10
0 (base 10) to base 9
0
What is -1 (base 10) in base 5?
-1
Convert -30 (base 15) to base 4.
-231
-19 (base 16) to base 15
-1a
-32 (base 9) to base 8
-35
Convert 104 (base 5) to base 12.
25
52 (base 16) to base 13
64
What is 3 (base 5) in base 4?
3
Convert 7 (base 13) to base 10.
7
Convert -2 (base 3) to base 16.
-2
-3e (base 15) to base 16
-3b
Convert 3 (base 6) to base 14.
3
-4 (base 9) to base 13
-4
10 (base 7) to base 16
7
What is -2 (base 9) in base 3?
-2
-1 (base 10) to base 16
-1
3a (base 15) to base 11
50
34 (base 14) to base 12
3a
What is 3 (base 8) in base 11?
3
What is 47 (base 16) in base 8?
107
1000111 (base 2) to base 3
2122
What is 0 (base 11) in base 6?
0
-17 (base 12) to base 14
-15
Convert -1 (base 16) to base 10.
-1
What is 101220 (base 3) in base 2?
100100110
What is 231 (base 5) in base 6?
150
Convert 0 (base 7) to base 5.
0
2 (base 5) to base 3
2
Convert -4 (base 13) to base 4.
-10
What is 203 (base 9) in base 13?
c9
-b (base 16) to base 14
-b
-b (base 15) to base 13
-b
2 (base 4) to base 13
2
-11 (base 5) to base 12
-6
What is 6 (base 8) in base 6?
10
-3 (base 10) to base 5
-3
Convert -302 (base 4) to base 6.
-122
What is -1 (base 2) in base 5?
-1
What is 1000 (base 2) in base 15?
8
Convert -11111 (base 2) to base 15.
-21
49 (base 15) to base 12
59
Convert 11 (base 7) to base 2.
1000
-52 (base 12) to base 11
-57
What is 6 (base 15) in base 10?
6
Convert -5 (base 10) to base 2.
-101
12 (base 5) to base 15
7
Convert -a (base 15) to base 2.
-1010
What is -113 (base 4) in base 9?
-25
What is 3 (base 5) in base 7?
3
da (base 15) to base 16
cd
What is -3 (base 15) in base 4?
-3
-305 (base 9) to base 12
-188
What is 137 (base 8) in base 3?
10112
-6 (base 11) to base 5
-11
What is 30 (base 5) in base 12?
13
Convert -23 (base 7) to base 3.
-122
1101 (base 2) to base 7
16
Convert -1 (base 11) to base 3.
-1
Convert b (base 15) to base 13.
b
32 (base 6) to base 13
17
Convert -10 (base 3) to base 5.
-3
Convert 42 (base 15) to base 10.
62
What is -23 (base 9) in base 5?
-41
-34 (base 5) to base 6
-31
Convert 17a (base 11) to base 4.
3100
What is 61 (base 11) in base 16?
43
What is -323 (base 5) in base 8?
-130
-2 (base 10) to base 13
-2
4 (base 14) to base 5
4
What is 16 (base 14) in base 15?
15
What is -19 (base 13) in base 3?
-211
-3 (base 15) to base 2
-11
-55 (base 6) to base 2
-100011
-11 (base 5) to base 10
-6
Convert 10210 (base 3) to base 15.
6c
0 (base 15) to base 3
0
-12 (base 3) to base 16
-5
Convert 21 (base 13) to base 7.
36
2a (base 14) to base 4
212
-3 (base 14) to base 4
-3
What is 4 (base 16) in base 2?
100
What is 12 (base 13) in base 4?
33
-10010 (base 2) to base 12
-16
10 (base 13) to base 7
16
3 (base 6) to base 11
3
What is -11100 (base 2) in base 4?
-130
What is -37 (base 13) in base 12?
-3a
222 (base 4) to base 9
46
5 (base 13) to base 7
5
-7a (base 12) to base 2
-1011110
Convert -3 (base 13) to base 7.
-3
What is 4 (base 13) in base 4?
10
Convert 21 (base 6) to base 14.
d
-7b (base 13) to base 6
-250
What is -3 (base 8) in base 2?
-11
Convert 22 (base 3) to base 11.
8
Convert -121 (base 5) to base 8.
-44
What is -11 (base 11) in base 14?
-c
What is -10 (base 10) in base 5?
-20
What is -3 (base 14) in base 7?
-3
What is -105 (base 6) in base 13?
-32
What is 5 (base 13) in base 12?
5
8 (base 14) to base 11
8
504 (base 6) to base 2
10111000
What is 3 (base 15) in base 3?
10
What is 1b7 (base 12) in base 16?
11b
What is -12 (base 9) in base 16?
-b
Convert -4 (base 5) to base 14.
-4
0 (base 13) to base 8
0
What is 10 (base 3) in base 12?
3
126 (base 7) to base 11
63
Convert 456 (base 8) to base 3.
102012
Convert -2 (base 14) to base 9.
-2
What is -10 (base 3) in base 7?
-3
Convert 54 (base 7) to base 3.
1110
What is 2 (base 13) in base 16?
2
Convert 13 (base 16) to base 8.
23
-2 (base 15) to base 11
-2
-175 (base 12) to base 8
-351
Convert 5 (base 14) to base 6.
5
Convert 102 (base 4) to base 16.
12
Convert -4 (base 14) to base 16.
-4
Convert 10000000 (base 2) to base 11.
107
Convert 165 (base 9) to base 15.
95
4 (base 16) to base 5
4
-11 (base 8) to base 10
-9
What is -4 (base 13) in base 4?
-10
Convert -9 (base 16) to base 9.
-10
What is -211 (base 6) in base 14?
-59
Convert 7 (base 13) to base 12.
7
-60 (base 13) to base 6
-210
Convert -81 (base 10) to base 4.
-1101
Convert 134 (base 6) to base 16.
3a
-2 (base 14) to base 3
-2
15 (base 6) to base 2
1011
Convert -3 (base 9) to base 6.
-3
What is b (base 12) in base 5?
21
What is -9 (base 11) in base 13?
-9
-5 (base 13) to base 8
-5
Convert 1 (base 14) to base 2.
1
-10 (base 15) to base 8
-17
What is -231 (base 7) in base 16?
-78
2 (base 7) to base 10
2
Convert -21 (base 5) to base 9.
-12
-10 (base 15) to base 9
-16
What is -1003 (base 4) in base 13?
-52
What is -10 (base 3) in base 9?
-3
-100 (base 5) to base 16
-19
Convert -6 (base 9) to base 5.
-11
What is -48 (base 10) in base 15?
-33
What is 3 (base 9) in base 10?
3
What is 67 (bas